 + g*x - 10*x. Calculate v(3).
1
Let b(z) = -13*z - 2. Let x(g) = 12*g + 2. Let s(c) = 3*b(c) + 4*x(c). Give s(-2).
-16
Let m(g) = g - 2. Let x = 2 + -7. Calculate m(x).
-7
Suppose -r + 4 = 4*a, 5*a - 10 = -0. Let n(y) be the first derivative of -2*y**3/3 - 5*y**2/2 + 2*y - 31. What is n(r)?
-10
Let y(z) = 2*z**3 - 4*z**2 + z + 2. Let j be (5 - -1)*1/3. What is y(j)?
4
Let b(z) be the second derivative of z**5/20 + z**4/4 + z**3/6 + 3*z**2/2 + 4*z. Let l be b(-3). Let f(t) = -3 + 2*t**2 + l + t**2 + t**2 - t**3. What is f(4)?
-3
Suppose 14 = 5*j - 1. Suppose 0 = j*b - 31 + 1. Suppose -2*f - 3*f = b. Let g(t) = -2*t + 1. What is g(f)?
5
Let o be 0 + 2 - 1 - 1. Suppose o = -3*t + 4*g + 20, -3*t - 5*g + 5 - 3 = 0. Suppose t = 3*v - 5. Let p(q) = q**3 - 3*q**2 + q + 3. What is p(v)?
6
Let q(p) = 2*p + 2. Let a(b) = b + 10. Let l be a(-8). Suppose x = -x - l. Let k be 0 - (x - 2)*-1. What is q(k)?
-4
Let d(t) = t**3 + 3*t**2 - 2*t. Let p = 2 + -6. Give d(p).
-8
Let y(w) = -w - 1. Let d be 1/(1*2/8). Let q(m) = 2*m + 2. Let o(r) = d*q(r) + 7*y(r). Determine o(1).
2
Let n = -7 - -3. Let d(a) = 3*a**2 + 4*a + 1. Let x(u) = -10*u**2 - 12*u - 2. Let r(o) = 7*d(o) + 2*x(o). Give r(n).
3
Let f = -47 + 42. Let h(q) be the third derivative of 0*q**4 + 0 + 1/120*q**6 + q**2 + 1/12*q**5 + 1/2*q**3 + 0*q. Give h(f).
3
Let z(w) be the second derivative of w**4/24 - w**3/2 + 5*w**2/2 - 6*w. Let a(q) be the first derivative of z(q). What is a(-4)?
-7
Suppose q = 2*j + 3*j - 50, 0 = 3*j + 5*q - 30. Suppose 4*k = -k + j. Let b(t) = -t. Give b(k).
-2
Let n(a) = a**3 + 3*a**2 + 1. Let t(w) be the first derivative of -w**2/2 + 2*w + 5. Let x be t(4). Calculate n(x).
5
Suppose 2*z - 19 - 15 = 0. Suppose 2 = -5*k + z. Let d(t) = -t**2 + 4*t - 4. Determine d(k).
-1
Let a(w) = -2*w + w + 3 + 1 + 3. What is a(5)?
2
Let f be 75*(20/12)/5. Suppose 5*d + f + 0 = 0. Let j(x) = -x**2 - 5*x - 5. Determine j(d).
-5
Suppose c + w = 2*c - 5, -3 = -3*c - 3*w. Let r(o) be the third derivative of o**5/60 - o**4/24 + o**3/3 - o**2. Determine r(c).
8
Let f be (-36)/(-10) + 4/10. Let n = f + 0. Let o(q) = -3 + 5 + q**2 + n + q + 0*q**2. Calculate o(0).
6
Suppose 0 = -r - 0 - 6. Let i(w) = -8*w**2 - 6*w - w**2 + 8*w**2 + 6. Determine i(r).
6
Let g(b) = b**2 + 4*b + 5. Let q be g(-3). Let x(n) be the second derivative of 0 - 3/2*n**3 - q*n + 0*n**2. What is x(1)?
-9
Let r(q) be the third derivative of -q**7/5040 + q**6/360 - q**5/15 + 3*q**2. Let p(n) be the third derivative of r(n). Let a = 2 - 5. Calculate p(a).
5
Suppose -22 = -4*l + 5*a, -2 + 7 = -l - 4*a. Suppose -4*x = -l*x + 6. Let g(r) = -r. Determine g(x).
6
Let i(x) = -6 + 0*x**3 + 8*x**2 + 1 - x**3. Let v be i(8). Let n(w) = -w - 12. What is n(v)?
-7
Let c(q) = q - 2. Suppose 0 = -5*u + 2*u + 72. Suppose -2*y - 10 = -4*p, -3*p - 5*y = -y - u. Let x be c(p). Let f(s) = s**3 - 2*s**2 - s + 2. Give f(x).
0
Let c(a) = 8*a. Let u(n) = -n - 1. Let j(x) = -x**2 + x. Suppose 7*y - 2*y + 5 = 0. Let q be j(y). Let l be u(q). Determine c(l).
8
Let j be 2 + (2 - 16/4). Let r(l) = l - 7. Give r(j).
-7
Let n(f) be the first derivative of -f**3/3 - 7*f**2/2 - 4*f + 4. What is n(-7)?
-4
Suppose -3*y = -2 - 1. Let k(n) = 8*n**3 - n**2 + 1. Calculate k(y).
8
Let t(r) = 2*r + 2. Let b = -9 - -6. Let s be t(b). Let x(l) = -1 - 4*l**2 + 3*l**2 - 4*l + 0*l**2. Give x(s).
-1
Let p(v) = -v**2 + 4*v + 4. Suppose -2*j - b + 11 = 0, 2*b + 6 = 4*j - 36. Let y = j + -5. Give p(y).
7
Suppose 1 = 5*i - 9. Let n(w) = -4*w + 4*w**2 + i + w**3 + 4 - 3. Determine n(-5).
-2
Let w(s) = -s**2 + 10*s + 1. Let r(b) = -2*b. Let n(v) = 11*r(v) + 2*w(v). Calculate n(-2).
-2
Let u(v) = -5*v. Let d(p) = -6*p - 1. Let y(n) = -4*d(n) + 5*u(n). Let r = -4 - -9. What is y(r)?
-1
Let s(w) = w**2 + 2*w - 1. Suppose 21 = -z + 19. What is s(z)?
-1
Let u(t) = 6*t**3 + 2*t**2 + t. Let h = 11 - 12. What is u(h)?
-5
Let w(i) = -i**2 - i - 2. Let x be w(-2). Let t(o) be the second derivative of -2*o + 1/3*o**3 - 1/20*o**5 + 0*o**2 - 1/4*o**4 + 0. What is t(x)?
8
Suppose 44 = 2*k + 38. Let u(z) = -z**2 + 2. Calculate u(k).
-7
Let u(t) = -t + 11. Let r(w) = -2*w + 23. Let s(i) = 3*r(i) - 5*u(i). Determine s(6).
8
Let g(y) = -4*y**3 + 12*y**2 + 26*y + 3*y**3 - 8*y**2 - 20*y + 4. Suppose -2*s + 4*u + 15 = -11, -5*u = 4*s. What is g(s)?
9
Let b(f) be the second derivative of f**3/6 + 5*f**2/2 + 13*f. Determine b(0).
5
Suppose -5*n + 5 = -10. Let b(y) = y + 2 - 1 - 1 - n - y**2. Determine b(0).
-3
Let z(s) = 9*s - 8. Let c(x) = 5*x - 4. Let w(b) = 11*c(b) - 6*z(b). Let v be (-148)/6 - 2/(-3). Let t be v/14 - (-2)/(-7). Determine w(t).
2
Let i(o) = o**2 + o. Let q(l) = -3*l**2 - 2*l. Let g(t) = -2*i(t) - q(t). What is g(1)?
1
Suppose -f - 5*r = 15, -3*r = 2*f - 5*f + 27. Let u(p) = p**3 - 6*p**2 + 4*p - 2. Determine u(f).
-7
Let t = -5 - -13. Let o be (6 - t)*(-6)/(-4). Let l(q) = q + 2. Let u(m) = -m - 1. Let z(p) = 2*l(p) + 3*u(p). Calculate z(o).
4
Suppose -2*q = 2*n + 8, 0*q - n = 2*q + 12. Let y(b) = b**2 + 10*b + 12. Determine y(q).
-4
Let u(n) = 23*n + 6*n**2 - 1 - 23*n. Give u(-1).
5
Let i(b) = 5*b - 4. Suppose 3*k = -5*n + 26, 13 = -0*n + 4*n + 5*k. Let r(j) = 126 + 3*j - 3*j - 6*j - 122. Let u(s) = n*i(s) + 6*r(s). Give u(-4).
0
Let n be -4*(-3)/24*2. Let o = n - 1. Let w(b) = -b**3 - 5. What is w(o)?
-5
Let s(k) = 7*k**3 - 9*k**2 - 4*k + 9. Let t(p) = 13*p**3 - 17*p**2 - 8*p + 17. Let w(n) = -11*s(n) + 6*t(n). Let q = 0 + -2. Let y = q - -5. Determine w(y).
-9
Let h(i) = -2*i**2 - i + 1. Suppose 6*q - 4*q = 4. Let s(f) = 4 - f**q + 2*f**2 - 2*f - 2. Let w be s(2). Calculate h(w).
-9
Let x(q) = 2*q - 4*q + q + 7 - 5. Give x(5).
-3
Let x(p) = -p**2 - 6*p - 2. Let z(a) = 12*a + 2. Let h be z(4). Let d = h + -20. Let n be 2/(-5) - 78/d. Give x(n).
7
Let z(w) = 49*w - 21*w - 23*w. Calculate z(-1).
-5
Let c(l) = 3*l - 4*l + 6 - 5. Let k be c(-2). Let t(j) = 8*j**2 - 4 - 6*j**2 - j**3 - k*j**2. What is t(0)?
-4
Let a(r) = r**3 + r**2 + r - 1. Let o(s) = -s**3 + 3*s**2 - 7*s - 2. Let f be 2/(-6) + 12/(-18). Let u(k) = f*o(k) - 2*a(k). Calculate u(-6).
10
Let t(l) = l**3 + 3*l**2 - l + 2. Let q(v) = v**3 + 4*v**2 - v - 6. Let k be q(-4). Give t(k).
8
Let p(k) = 5*k**2 + 4*k + 3. Let a(j) = 15*j**2 + 11*j + 8. Let f(v) = -v**3 + 3*v**2 + 4*v - 4. Let m be f(3). Let r(x) = m*p(x) - 3*a(x). Determine r(1).
-6
Let q(b) = b**2 - 2*b + 5. Let n(j) = -4*j**2 + 6. Let h(d) = d**2 - 1. Let i(r) = 5*h(r) + n(r). Let c(x) = -2*i(x) + q(x). Let z = 3 - 7. Calculate c(z).
-5
Let b(m) = 2*m**2 - 2*m**2 - 6*m + m**2 - 15 + 4*m**2. Let r = 3 - 9. Let p(o) = 9*o**2 - 11*o - 29. Let c(k) = r*p(k) + 11*b(k). Determine c(0).
9
Let j(y) = -y**3 + 1. Let r = 7 - 4. Let f(l) = -4*l**3 + 6*l**2 - 5*l - 2. Let p(o) = r*j(o) - f(o). Determine p(5).
5
Suppose -3*f = 2 - 5. Suppose 5*n = -b - 0*b + 20, -3*n = 3*b - 12. Let w(u) = -u - n*u + 1 - 3*u. Calculate w(f).
-7
Let v(n) = -4 - 3*n + 1 - 2*n**2 + 0*n**2. What is v(-2)?
-5
Let c(p) = -8*p**3 + 2*p**2 + 4. Let b(l) = -l**3 + 1. Let d(h) = 5*b(h) - c(h). Calculate d(-1).
-4
Suppose i - 8 = -i. Suppose 0*w - i*r = w + 5, 3*w - 2*r - 13 = 0. Let t(n) be the second derivative of n**3/3 - 2*n**2 - 2*n. Determine t(w).
2
Let g(x) = x**3 - x**2 - 2*x - 1. Let u = -13 + 20. Suppose -u*c = -2*c + 30. Let z = 4 + c. Calculate g(z).
-9
Let v = -2 + 3. Suppose 0 = n - 2*n. Let k(c) = 5*c**3 + 5*c - 4*c + n*c**3. What is k(v)?
6
Let x(n) = -1 - 3 - 9*n - 3. Let c(v) = -5*v - 4. Let k(w) = 5*c(w) - 3*x(w). Let a = -3 + -1. What is k(a)?
-7
Let x(q) = -q**2 - 2*q - q**2 - q**2 - 3 - q**3. Give x(-2).
-3
Let y(q) be the third derivative of -q**5/60 - q**4/6 - q**3/6 + 27*q**2. Give y(-6).
-13
Let x(y) = -5*y + 2. Let f be -1 - (0 + -2 - 1). Calculate x(f).
-8
Let a = -13 - -16. Let v(p) = -4*p**2 + 3*p + 2. Let d(m) = -3*m**2 + 2*m + 1. Let j(u) = -6*d(u) + 5*v(u). Determine j(a).
-5
Let q(n) = -1. Let g(u) = 3*u - 9. Let z be -6*((-24)/(-9) - 2). Let v(m) = 7*m - 17. Let f(b) = z*v(b) + 9*g(b). Let l(h) = -f(h) + q(h). Give l(-5).
7
Let m = 10 + -8. Let a(d) = -d**2 - d**3 + d**2 - 4*d**m - d**2. Give a(-5).
0
Suppose -4*x + 7*x = -3*m, 2*x + 4 = 2*m. Let p(i) = 24*i**3 - 2*i**2 + i. What is p(m)?
23
Let b(l) = l**3 - 7*l**2 + 8*l - 5. Let a be b(6). Let r(z) = -2 + 0*z + a